{"id":26,"date":"2013-03-20T21:21:53","date_gmt":"2013-03-20T19:21:53","guid":{"rendered":"http:\/\/addon-edelweisstrychler.schaerligbad.ch\/?page_id=26"},"modified":"2026-01-30T10:01:29","modified_gmt":"2026-01-30T09:01:29","slug":"mitglieder","status":"publish","type":"page","link":"https:\/\/www.edelweisstrychler.ch\/?page_id=26","title":{"rendered":"Mitglieder"},"content":{"rendered":"\n<figure class=\"wp-block-table aligncenter\"><table><tbody><tr><td class=\"has-text-align-center\" data-align=\"center\"><img loading=\"lazy\" decoding=\"async\" class=\"aligncenter size-full wp-image-3231\" src=\"https:\/\/www.edelweisstrychler.ch\/wp-content\/uploads\/2023\/11\/DSC0595-scaled.jpg\" alt=\"\" width=\"1704\" height=\"2560\" srcset=\"https:\/\/www.edelweisstrychler.ch\/wp-content\/uploads\/2023\/11\/DSC0595-scaled.jpg 1704w, https:\/\/www.edelweisstrychler.ch\/wp-content\/uploads\/2023\/11\/DSC0595-200x300.jpg 200w, https:\/\/www.edelweisstrychler.ch\/wp-content\/uploads\/2023\/11\/DSC0595-682x1024.jpg 682w, https:\/\/www.edelweisstrychler.ch\/wp-content\/uploads\/2023\/11\/DSC0595-768x1154.jpg 768w, https:\/\/www.edelweisstrychler.ch\/wp-content\/uploads\/2023\/11\/DSC0595-1022x1536.jpg 1022w, https:\/\/www.edelweisstrychler.ch\/wp-content\/uploads\/2023\/11\/DSC0595-1363x2048.jpg 1363w\" sizes=\"auto, (max-width: 1704px) 100vw, 1704px\" \/><\/td><td class=\"has-text-align-center\" data-align=\"center\"><img loading=\"lazy\" decoding=\"async\" class=\"aligncenter size-full wp-image-3239\" src=\"https:\/\/www.edelweisstrychler.ch\/wp-content\/uploads\/2023\/11\/DSC0182-scaled.jpg\" alt=\"\" width=\"1704\" height=\"2560\" srcset=\"https:\/\/www.edelweisstrychler.ch\/wp-content\/uploads\/2023\/11\/DSC0182-scaled.jpg 1704w, https:\/\/www.edelweisstrychler.ch\/wp-content\/uploads\/2023\/11\/DSC0182-200x300.jpg 200w, https:\/\/www.edelweisstrychler.ch\/wp-content\/uploads\/2023\/11\/DSC0182-682x1024.jpg 682w, https:\/\/www.edelweisstrychler.ch\/wp-content\/uploads\/2023\/11\/DSC0182-768x1154.jpg 768w, https:\/\/www.edelweisstrychler.ch\/wp-content\/uploads\/2023\/11\/DSC0182-1022x1536.jpg 1022w, https:\/\/www.edelweisstrychler.ch\/wp-content\/uploads\/2023\/11\/DSC0182-1363x2048.jpg 1363w\" sizes=\"auto, (max-width: 1704px) 100vw, 1704px\" \/><\/td><td class=\"has-text-align-center\" data-align=\"center\"><img loading=\"lazy\" decoding=\"async\" class=\"aligncenter size-full wp-image-3244\" src=\"https:\/\/www.edelweisstrychler.ch\/wp-content\/uploads\/2023\/11\/DSC0214-scaled.jpg\" alt=\"\" width=\"1704\" height=\"2560\" srcset=\"https:\/\/www.edelweisstrychler.ch\/wp-content\/uploads\/2023\/11\/DSC0214-scaled.jpg 1704w, https:\/\/www.edelweisstrychler.ch\/wp-content\/uploads\/2023\/11\/DSC0214-200x300.jpg 200w, https:\/\/www.edelweisstrychler.ch\/wp-content\/uploads\/2023\/11\/DSC0214-682x1024.jpg 682w, https:\/\/www.edelweisstrychler.ch\/wp-content\/uploads\/2023\/11\/DSC0214-768x1154.jpg 768w, https:\/\/www.edelweisstrychler.ch\/wp-content\/uploads\/2023\/11\/DSC0214-1022x1536.jpg 1022w, https:\/\/www.edelweisstrychler.ch\/wp-content\/uploads\/2023\/11\/DSC0214-1363x2048.jpg 1363w\" sizes=\"auto, (max-width: 1704px) 100vw, 1704px\" \/><\/td><td class=\"has-text-align-center\" data-align=\"center\"><img loading=\"lazy\" decoding=\"async\" class=\"aligncenter size-full wp-image-3245\" src=\"https:\/\/www.edelweisstrychler.ch\/wp-content\/uploads\/2023\/11\/DSC0222-scaled.jpg\" alt=\"\" width=\"1704\" height=\"2560\" srcset=\"https:\/\/www.edelweisstrychler.ch\/wp-content\/uploads\/2023\/11\/DSC0222-scaled.jpg 1704w, https:\/\/www.edelweisstrychler.ch\/wp-content\/uploads\/2023\/11\/DSC0222-200x300.jpg 200w, https:\/\/www.edelweisstrychler.ch\/wp-content\/uploads\/2023\/11\/DSC0222-682x1024.jpg 682w, https:\/\/www.edelweisstrychler.ch\/wp-content\/uploads\/2023\/11\/DSC0222-768x1154.jpg 768w, https:\/\/www.edelweisstrychler.ch\/wp-content\/uploads\/2023\/11\/DSC0222-1022x1536.jpg 1022w, https:\/\/www.edelweisstrychler.ch\/wp-content\/uploads\/2023\/11\/DSC0222-1363x2048.jpg 1363w\" sizes=\"auto, (max-width: 1704px) 100vw, 1704px\" \/><\/td><td class=\"has-text-align-center\" data-align=\"center\"><img loading=\"lazy\" decoding=\"async\" class=\"aligncenter size-full wp-image-3246\" src=\"https:\/\/www.edelweisstrychler.ch\/wp-content\/uploads\/2023\/11\/DSC0234-scaled.jpg\" alt=\"\" width=\"1704\" height=\"2560\" srcset=\"https:\/\/www.edelweisstrychler.ch\/wp-content\/uploads\/2023\/11\/DSC0234-scaled.jpg 1704w, https:\/\/www.edelweisstrychler.ch\/wp-content\/uploads\/2023\/11\/DSC0234-200x300.jpg 200w, https:\/\/www.edelweisstrychler.ch\/wp-content\/uploads\/2023\/11\/DSC0234-682x1024.jpg 682w, https:\/\/www.edelweisstrychler.ch\/wp-content\/uploads\/2023\/11\/DSC0234-768x1154.jpg 768w, https:\/\/www.edelweisstrychler.ch\/wp-content\/uploads\/2023\/11\/DSC0234-1022x1536.jpg 1022w, https:\/\/www.edelweisstrychler.ch\/wp-content\/uploads\/2023\/11\/DSC0234-1363x2048.jpg 1363w\" sizes=\"auto, (max-width: 1704px) 100vw, 1704px\" \/><\/td><td class=\"has-text-align-center\" data-align=\"center\"><img loading=\"lazy\" decoding=\"async\" class=\"aligncenter size-full wp-image-3242\" src=\"https:\/\/www.edelweisstrychler.ch\/wp-content\/uploads\/2023\/11\/DSC0205-scaled.jpg\" alt=\"\" width=\"1704\" height=\"2560\" srcset=\"https:\/\/www.edelweisstrychler.ch\/wp-content\/uploads\/2023\/11\/DSC0205-scaled.jpg 1704w, https:\/\/www.edelweisstrychler.ch\/wp-content\/uploads\/2023\/11\/DSC0205-200x300.jpg 200w, https:\/\/www.edelweisstrychler.ch\/wp-content\/uploads\/2023\/11\/DSC0205-682x1024.jpg 682w, https:\/\/www.edelweisstrychler.ch\/wp-content\/uploads\/2023\/11\/DSC0205-768x1154.jpg 768w, https:\/\/www.edelweisstrychler.ch\/wp-content\/uploads\/2023\/11\/DSC0205-1022x1536.jpg 1022w, https:\/\/www.edelweisstrychler.ch\/wp-content\/uploads\/2023\/11\/DSC0205-1363x2048.jpg 1363w\" sizes=\"auto, (max-width: 1704px) 100vw, 1704px\" \/><\/td><\/tr><tr><td class=\"has-text-align-center\" data-align=\"center\">Markus Bucher<br>Pr\u00e4sident<\/td><td class=\"has-text-align-center\" data-align=\"center\">Christoph R\u00f6\u00f6sli<br>Vize Pr\u00e4sident<\/td><td class=\"has-text-align-center\" data-align=\"center\">Adrian Rychner<br>Aktuar<\/td><td class=\"has-text-align-center\" data-align=\"center\">Franco R\u00f6\u00f6sli<br>Kassier<\/td><td class=\"has-text-align-center\" data-align=\"center\">Adrian Emmenegger<br>Techn. Leiter<\/td><td class=\"has-text-align-center\" data-align=\"center\">Beat Emmenegger<br>Vize Techn. Leiter<\/td><\/tr><tr><td class=\"has-text-align-center\" data-align=\"center\"><a href=\"https:\/\/www.edelweisstrychler.ch\/wp-content\/uploads\/2023\/11\/DSC0169-scaled.jpg\"><img loading=\"lazy\" decoding=\"async\" class=\"aligncenter size-full wp-image-3236\" src=\"https:\/\/www.edelweisstrychler.ch\/wp-content\/uploads\/2023\/11\/DSC0169-scaled.jpg\" alt=\"\" width=\"1704\" height=\"2560\" srcset=\"https:\/\/www.edelweisstrychler.ch\/wp-content\/uploads\/2023\/11\/DSC0169-scaled.jpg 1704w, https:\/\/www.edelweisstrychler.ch\/wp-content\/uploads\/2023\/11\/DSC0169-200x300.jpg 200w, https:\/\/www.edelweisstrychler.ch\/wp-content\/uploads\/2023\/11\/DSC0169-682x1024.jpg 682w, https:\/\/www.edelweisstrychler.ch\/wp-content\/uploads\/2023\/11\/DSC0169-768x1154.jpg 768w, https:\/\/www.edelweisstrychler.ch\/wp-content\/uploads\/2023\/11\/DSC0169-1022x1536.jpg 1022w, https:\/\/www.edelweisstrychler.ch\/wp-content\/uploads\/2023\/11\/DSC0169-1363x2048.jpg 1363w\" sizes=\"auto, (max-width: 1704px) 100vw, 1704px\" \/><\/a><\/td><td class=\"has-text-align-center\" data-align=\"center\"><a href=\"https:\/\/www.edelweisstrychler.ch\/wp-content\/uploads\/2023\/11\/DSC0154-scaled.jpg\"><\/a><a href=\"https:\/\/www.edelweisstrychler.ch\/wp-content\/uploads\/2023\/11\/DSC0271-scaled.jpg\"><img loading=\"lazy\" decoding=\"async\" width=\"1704\" height=\"2560\" class=\"aligncenter size-full wp-image-3230\" src=\"https:\/\/www.edelweisstrychler.ch\/wp-content\/uploads\/2023\/11\/DSC0271-scaled.jpg\" alt=\"\" srcset=\"https:\/\/www.edelweisstrychler.ch\/wp-content\/uploads\/2023\/11\/DSC0271-scaled.jpg 1704w, https:\/\/www.edelweisstrychler.ch\/wp-content\/uploads\/2023\/11\/DSC0271-200x300.jpg 200w, https:\/\/www.edelweisstrychler.ch\/wp-content\/uploads\/2023\/11\/DSC0271-681x1024.jpg 681w, https:\/\/www.edelweisstrychler.ch\/wp-content\/uploads\/2023\/11\/DSC0271-768x1154.jpg 768w, https:\/\/www.edelweisstrychler.ch\/wp-content\/uploads\/2023\/11\/DSC0271-1022x1536.jpg 1022w, https:\/\/www.edelweisstrychler.ch\/wp-content\/uploads\/2023\/11\/DSC0271-1363x2048.jpg 1363w\" sizes=\"auto, (max-width: 1704px) 100vw, 1704px\" \/><\/a><\/td><td class=\"has-text-align-center\" data-align=\"center\"><a href=\"https:\/\/www.edelweisstrychler.ch\/wp-content\/uploads\/2023\/11\/DSC0174-scaled.jpg\"><img loading=\"lazy\" decoding=\"async\" class=\"aligncenter size-full wp-image-3237\" src=\"https:\/\/www.edelweisstrychler.ch\/wp-content\/uploads\/2023\/11\/DSC0174-scaled.jpg\" alt=\"\" width=\"1704\" height=\"2560\" srcset=\"https:\/\/www.edelweisstrychler.ch\/wp-content\/uploads\/2023\/11\/DSC0174-scaled.jpg 1704w, https:\/\/www.edelweisstrychler.ch\/wp-content\/uploads\/2023\/11\/DSC0174-200x300.jpg 200w, https:\/\/www.edelweisstrychler.ch\/wp-content\/uploads\/2023\/11\/DSC0174-682x1024.jpg 682w, https:\/\/www.edelweisstrychler.ch\/wp-content\/uploads\/2023\/11\/DSC0174-768x1154.jpg 768w, https:\/\/www.edelweisstrychler.ch\/wp-content\/uploads\/2023\/11\/DSC0174-1022x1536.jpg 1022w, https:\/\/www.edelweisstrychler.ch\/wp-content\/uploads\/2023\/11\/DSC0174-1363x2048.jpg 1363w\" sizes=\"auto, (max-width: 1704px) 100vw, 1704px\" \/><\/a><\/td><td class=\"has-text-align-center\" data-align=\"center\"><a href=\"https:\/\/www.edelweisstrychler.ch\/wp-content\/uploads\/2023\/11\/DSC0608-scaled.jpg\"><\/a><a href=\"https:\/\/www.edelweisstrychler.ch\/wp-content\/uploads\/2023\/11\/DSC0208-scaled.jpg\"><img loading=\"lazy\" decoding=\"async\" width=\"1704\" height=\"2560\" class=\"aligncenter size-full wp-image-3243\" src=\"https:\/\/www.edelweisstrychler.ch\/wp-content\/uploads\/2023\/11\/DSC0208-scaled.jpg\" alt=\"\" srcset=\"https:\/\/www.edelweisstrychler.ch\/wp-content\/uploads\/2023\/11\/DSC0208-scaled.jpg 1704w, https:\/\/www.edelweisstrychler.ch\/wp-content\/uploads\/2023\/11\/DSC0208-200x300.jpg 200w, https:\/\/www.edelweisstrychler.ch\/wp-content\/uploads\/2023\/11\/DSC0208-681x1024.jpg 681w, https:\/\/www.edelweisstrychler.ch\/wp-content\/uploads\/2023\/11\/DSC0208-768x1154.jpg 768w, https:\/\/www.edelweisstrychler.ch\/wp-content\/uploads\/2023\/11\/DSC0208-1022x1536.jpg 1022w, https:\/\/www.edelweisstrychler.ch\/wp-content\/uploads\/2023\/11\/DSC0208-1363x2048.jpg 1363w\" sizes=\"auto, (max-width: 1704px) 100vw, 1704px\" \/><\/a><\/td><td class=\"has-text-align-center\" data-align=\"center\"><a href=\"https:\/\/www.edelweisstrychler.ch\/wp-content\/uploads\/2023\/11\/DSC0195-scaled.jpg\"><img loading=\"lazy\" decoding=\"async\" class=\"aligncenter size-full wp-image-3241\" src=\"https:\/\/www.edelweisstrychler.ch\/wp-content\/uploads\/2023\/11\/DSC0195-scaled.jpg\" alt=\"\" width=\"1704\" height=\"2560\" srcset=\"https:\/\/www.edelweisstrychler.ch\/wp-content\/uploads\/2023\/11\/DSC0195-scaled.jpg 1704w, https:\/\/www.edelweisstrychler.ch\/wp-content\/uploads\/2023\/11\/DSC0195-200x300.jpg 200w, https:\/\/www.edelweisstrychler.ch\/wp-content\/uploads\/2023\/11\/DSC0195-682x1024.jpg 682w, https:\/\/www.edelweisstrychler.ch\/wp-content\/uploads\/2023\/11\/DSC0195-768x1154.jpg 768w, https:\/\/www.edelweisstrychler.ch\/wp-content\/uploads\/2023\/11\/DSC0195-1022x1536.jpg 1022w, https:\/\/www.edelweisstrychler.ch\/wp-content\/uploads\/2023\/11\/DSC0195-1363x2048.jpg 1363w\" sizes=\"auto, (max-width: 1704px) 100vw, 1704px\" \/><\/a><\/td><td class=\"has-text-align-center\" data-align=\"center\"><a href=\"https:\/\/www.edelweisstrychler.ch\/wp-content\/uploads\/2023\/11\/DSC0193-scaled.jpg\"><img loading=\"lazy\" decoding=\"async\" class=\"aligncenter size-full wp-image-3240\" src=\"https:\/\/www.edelweisstrychler.ch\/wp-content\/uploads\/2023\/11\/DSC0193-scaled.jpg\" alt=\"\" width=\"1704\" height=\"2560\" srcset=\"https:\/\/www.edelweisstrychler.ch\/wp-content\/uploads\/2023\/11\/DSC0193-scaled.jpg 1704w, https:\/\/www.edelweisstrychler.ch\/wp-content\/uploads\/2023\/11\/DSC0193-200x300.jpg 200w, https:\/\/www.edelweisstrychler.ch\/wp-content\/uploads\/2023\/11\/DSC0193-682x1024.jpg 682w, https:\/\/www.edelweisstrychler.ch\/wp-content\/uploads\/2023\/11\/DSC0193-768x1154.jpg 768w, https:\/\/www.edelweisstrychler.ch\/wp-content\/uploads\/2023\/11\/DSC0193-1022x1536.jpg 1022w, https:\/\/www.edelweisstrychler.ch\/wp-content\/uploads\/2023\/11\/DSC0193-1363x2048.jpg 1363w\" sizes=\"auto, (max-width: 1704px) 100vw, 1704px\" \/><\/a><\/td><\/tr><tr><td class=\"has-text-align-center\" data-align=\"center\">Andreas Aeschlimann<\/td><td class=\"has-text-align-center\" data-align=\"center\">Sandro Aregger<\/td><td class=\"has-text-align-center\" data-align=\"center\">Mario Bucher<\/td><td class=\"has-text-align-center\" data-align=\"center\">Konrad Schnider<\/td><td class=\"has-text-align-center\" data-align=\"center\">Pius Bucher<\/td><td class=\"has-text-align-center\" data-align=\"center\">Pius Emmenegger<\/td><\/tr><tr><td class=\"has-text-align-center\" data-align=\"center\"><a href=\"https:\/\/www.edelweisstrychler.ch\/wp-content\/uploads\/2023\/11\/DSC0236-scaled.jpg\"><img loading=\"lazy\" decoding=\"async\" class=\"aligncenter size-full wp-image-3224\" src=\"https:\/\/www.edelweisstrychler.ch\/wp-content\/uploads\/2023\/11\/DSC0236-scaled.jpg\" alt=\"\" width=\"1704\" height=\"2560\" srcset=\"https:\/\/www.edelweisstrychler.ch\/wp-content\/uploads\/2023\/11\/DSC0236-scaled.jpg 1704w, https:\/\/www.edelweisstrychler.ch\/wp-content\/uploads\/2023\/11\/DSC0236-200x300.jpg 200w, https:\/\/www.edelweisstrychler.ch\/wp-content\/uploads\/2023\/11\/DSC0236-682x1024.jpg 682w, https:\/\/www.edelweisstrychler.ch\/wp-content\/uploads\/2023\/11\/DSC0236-768x1154.jpg 768w, https:\/\/www.edelweisstrychler.ch\/wp-content\/uploads\/2023\/11\/DSC0236-1022x1536.jpg 1022w, https:\/\/www.edelweisstrychler.ch\/wp-content\/uploads\/2023\/11\/DSC0236-1363x2048.jpg 1363w\" sizes=\"auto, (max-width: 1704px) 100vw, 1704px\" \/><\/a><\/td><td class=\"has-text-align-center\" data-align=\"center\"><a href=\"https:\/\/www.edelweisstrychler.ch\/wp-content\/uploads\/2023\/11\/DSC0614-scaled.jpg\"><img loading=\"lazy\" decoding=\"async\" class=\"aligncenter size-full wp-image-3233\" src=\"https:\/\/www.edelweisstrychler.ch\/wp-content\/uploads\/2023\/11\/DSC0614-scaled.jpg\" alt=\"\" width=\"1704\" height=\"2560\" srcset=\"https:\/\/www.edelweisstrychler.ch\/wp-content\/uploads\/2023\/11\/DSC0614-scaled.jpg 1704w, https:\/\/www.edelweisstrychler.ch\/wp-content\/uploads\/2023\/11\/DSC0614-200x300.jpg 200w, https:\/\/www.edelweisstrychler.ch\/wp-content\/uploads\/2023\/11\/DSC0614-682x1024.jpg 682w, https:\/\/www.edelweisstrychler.ch\/wp-content\/uploads\/2023\/11\/DSC0614-768x1154.jpg 768w, https:\/\/www.edelweisstrychler.ch\/wp-content\/uploads\/2023\/11\/DSC0614-1023x1536.jpg 1023w, https:\/\/www.edelweisstrychler.ch\/wp-content\/uploads\/2023\/11\/DSC0614-1363x2048.jpg 1363w\" sizes=\"auto, (max-width: 1704px) 100vw, 1704px\" \/><\/a><\/td><td class=\"has-text-align-center\" data-align=\"center\"><a href=\"https:\/\/www.edelweisstrychler.ch\/wp-content\/uploads\/2023\/11\/DSC0255-scaled.jpg\"><img loading=\"lazy\" decoding=\"async\" class=\"aligncenter size-full wp-image-3228\" src=\"https:\/\/www.edelweisstrychler.ch\/wp-content\/uploads\/2023\/11\/DSC0255-scaled.jpg\" alt=\"\" width=\"1704\" height=\"2560\" srcset=\"https:\/\/www.edelweisstrychler.ch\/wp-content\/uploads\/2023\/11\/DSC0255-scaled.jpg 1704w, https:\/\/www.edelweisstrychler.ch\/wp-content\/uploads\/2023\/11\/DSC0255-200x300.jpg 200w, https:\/\/www.edelweisstrychler.ch\/wp-content\/uploads\/2023\/11\/DSC0255-681x1024.jpg 681w, https:\/\/www.edelweisstrychler.ch\/wp-content\/uploads\/2023\/11\/DSC0255-768x1154.jpg 768w, https:\/\/www.edelweisstrychler.ch\/wp-content\/uploads\/2023\/11\/DSC0255-1022x1536.jpg 1022w, https:\/\/www.edelweisstrychler.ch\/wp-content\/uploads\/2023\/11\/DSC0255-1363x2048.jpg 1363w\" sizes=\"auto, (max-width: 1704px) 100vw, 1704px\" \/><\/a><\/td><td class=\"has-text-align-center\" data-align=\"center\"><a href=\"https:\/\/www.edelweisstrychler.ch\/wp-content\/uploads\/2023\/11\/DSC0240-scaled.jpg\"><img loading=\"lazy\" decoding=\"async\" class=\"aligncenter size-full wp-image-3226\" src=\"https:\/\/www.edelweisstrychler.ch\/wp-content\/uploads\/2023\/11\/DSC0240-scaled.jpg\" alt=\"\" width=\"1704\" height=\"2560\" srcset=\"https:\/\/www.edelweisstrychler.ch\/wp-content\/uploads\/2023\/11\/DSC0240-scaled.jpg 1704w, https:\/\/www.edelweisstrychler.ch\/wp-content\/uploads\/2023\/11\/DSC0240-200x300.jpg 200w, https:\/\/www.edelweisstrychler.ch\/wp-content\/uploads\/2023\/11\/DSC0240-681x1024.jpg 681w, https:\/\/www.edelweisstrychler.ch\/wp-content\/uploads\/2023\/11\/DSC0240-768x1154.jpg 768w, https:\/\/www.edelweisstrychler.ch\/wp-content\/uploads\/2023\/11\/DSC0240-1022x1536.jpg 1022w, https:\/\/www.edelweisstrychler.ch\/wp-content\/uploads\/2023\/11\/DSC0240-1363x2048.jpg 1363w\" sizes=\"auto, (max-width: 1704px) 100vw, 1704px\" \/><\/a><\/td><td class=\"has-text-align-center\" data-align=\"center\"><a href=\"https:\/\/www.edelweisstrychler.ch\/wp-content\/uploads\/2023\/11\/DSC0250-scaled.jpg\"><img loading=\"lazy\" decoding=\"async\" class=\"aligncenter wp-image-3227 size-full\" src=\"https:\/\/www.edelweisstrychler.ch\/wp-content\/uploads\/2023\/11\/DSC0250-scaled.jpg\" alt=\"\" width=\"1704\" height=\"2560\" srcset=\"https:\/\/www.edelweisstrychler.ch\/wp-content\/uploads\/2023\/11\/DSC0250-scaled.jpg 1704w, https:\/\/www.edelweisstrychler.ch\/wp-content\/uploads\/2023\/11\/DSC0250-200x300.jpg 200w, https:\/\/www.edelweisstrychler.ch\/wp-content\/uploads\/2023\/11\/DSC0250-682x1024.jpg 682w, https:\/\/www.edelweisstrychler.ch\/wp-content\/uploads\/2023\/11\/DSC0250-768x1154.jpg 768w, https:\/\/www.edelweisstrychler.ch\/wp-content\/uploads\/2023\/11\/DSC0250-1022x1536.jpg 1022w, https:\/\/www.edelweisstrychler.ch\/wp-content\/uploads\/2023\/11\/DSC0250-1363x2048.jpg 1363w\" sizes=\"auto, (max-width: 1704px) 100vw, 1704px\" \/><\/a><\/td><td class=\"has-text-align-center\" data-align=\"center\"><a href=\"https:\/\/www.edelweisstrychler.ch\/wp-content\/uploads\/2023\/11\/DSC0144-scaled.jpg\"><img loading=\"lazy\" decoding=\"async\" class=\"aligncenter size-full wp-image-3234\" src=\"https:\/\/www.edelweisstrychler.ch\/wp-content\/uploads\/2023\/11\/DSC0144-scaled.jpg\" alt=\"\" width=\"1704\" height=\"2560\" srcset=\"https:\/\/www.edelweisstrychler.ch\/wp-content\/uploads\/2023\/11\/DSC0144-scaled.jpg 1704w, https:\/\/www.edelweisstrychler.ch\/wp-content\/uploads\/2023\/11\/DSC0144-200x300.jpg 200w, https:\/\/www.edelweisstrychler.ch\/wp-content\/uploads\/2023\/11\/DSC0144-682x1024.jpg 682w, https:\/\/www.edelweisstrychler.ch\/wp-content\/uploads\/2023\/11\/DSC0144-768x1154.jpg 768w, https:\/\/www.edelweisstrychler.ch\/wp-content\/uploads\/2023\/11\/DSC0144-1022x1536.jpg 1022w, https:\/\/www.edelweisstrychler.ch\/wp-content\/uploads\/2023\/11\/DSC0144-1363x2048.jpg 1363w\" sizes=\"auto, (max-width: 1704px) 100vw, 1704px\" \/><\/a><\/td><\/tr><tr><td class=\"has-text-align-center\" data-align=\"center\">Valentin L\u00f6tscher<\/td><td class=\"has-text-align-center\" data-align=\"center\">Stefan Wicki<\/td><td class=\"has-text-align-center\" data-align=\"center\">Janik Bieri<\/td><td class=\"has-text-align-center\" data-align=\"center\">Cyrill Emmenegger<\/td><td class=\"has-text-align-center\" data-align=\"center\">Florian Kunz<\/td><td class=\"has-text-align-center\" data-align=\"center\">Franz R\u00f6\u00f6sli<\/td><\/tr><tr><td class=\"has-text-align-center\" data-align=\"center\"><a href=\"https:\/\/www.edelweisstrychler.ch\/wp-content\/uploads\/2023\/11\/DSC0264-scaled.jpg\"><img loading=\"lazy\" decoding=\"async\" width=\"1704\" height=\"2560\" class=\"aligncenter size-full wp-image-3229\" src=\"https:\/\/www.edelweisstrychler.ch\/wp-content\/uploads\/2023\/11\/DSC0264-scaled.jpg\" alt=\"\" srcset=\"https:\/\/www.edelweisstrychler.ch\/wp-content\/uploads\/2023\/11\/DSC0264-scaled.jpg 1704w, https:\/\/www.edelweisstrychler.ch\/wp-content\/uploads\/2023\/11\/DSC0264-200x300.jpg 200w, https:\/\/www.edelweisstrychler.ch\/wp-content\/uploads\/2023\/11\/DSC0264-681x1024.jpg 681w, https:\/\/www.edelweisstrychler.ch\/wp-content\/uploads\/2023\/11\/DSC0264-768x1154.jpg 768w, https:\/\/www.edelweisstrychler.ch\/wp-content\/uploads\/2023\/11\/DSC0264-1022x1536.jpg 1022w, https:\/\/www.edelweisstrychler.ch\/wp-content\/uploads\/2023\/11\/DSC0264-1363x2048.jpg 1363w\" sizes=\"auto, (max-width: 1704px) 100vw, 1704px\" \/><\/a> <\/td><td class=\"has-text-align-center\" data-align=\"center\"><\/td><td class=\"has-text-align-center\" data-align=\"center\"><\/td><td class=\"has-text-align-center\" data-align=\"center\"><\/td><td class=\"has-text-align-center\" data-align=\"center\">&nbsp;<\/td><td class=\"has-text-align-center\" data-align=\"center\">&nbsp;<\/td><\/tr><tr><td class=\"has-text-align-center\" data-align=\"center\"><p>Crispin Bieri<\/p><\/td><td class=\"has-text-align-center\" data-align=\"center\"><p>Jonas Portmann<\/p><\/td><td class=\"has-text-align-center\" data-align=\"center\"><p>Joel Portmann<\/p><\/td><td class=\"has-text-align-center\" data-align=\"center\">&nbsp;<\/td><td class=\"has-text-align-center\" data-align=\"center\">&nbsp;<\/td><td class=\"has-text-align-center\" data-align=\"center\">&nbsp;<\/td><\/tr><tr><td class=\"has-text-align-center\" data-align=\"center\">&nbsp;<\/td><td class=\"has-text-align-center\" data-align=\"center\">&nbsp;<\/td><td class=\"has-text-align-center\" data-align=\"center\">&nbsp;<\/td><td class=\"has-text-align-center\" data-align=\"center\">&nbsp;<\/td><td class=\"has-text-align-center\" data-align=\"center\">&nbsp;<\/td><td class=\"has-text-align-center\" data-align=\"center\">&nbsp;<\/td><\/tr><tr><td class=\"has-text-align-center\" data-align=\"center\">&nbsp;<\/td><td class=\"has-text-align-center\" data-align=\"center\">&nbsp;<\/td><td class=\"has-text-align-center\" data-align=\"center\">&nbsp;<\/td><td class=\"has-text-align-center\" data-align=\"center\">&nbsp;<\/td><td class=\"has-text-align-center\" data-align=\"center\">&nbsp;<\/td><td class=\"has-text-align-center\" data-align=\"center\">&nbsp;<\/td><\/tr><tr><td class=\"has-text-align-center\" data-align=\"center\">&nbsp;<\/td><td class=\"has-text-align-center\" data-align=\"center\">&nbsp;<\/td><td class=\"has-text-align-center\" data-align=\"center\">&nbsp;<\/td><td class=\"has-text-align-center\" data-align=\"center\">&nbsp;<\/td><td class=\"has-text-align-center\" data-align=\"center\">&nbsp;<\/td><td class=\"has-text-align-center\" data-align=\"center\">&nbsp;<\/td><\/tr><\/tbody><\/table><\/figure>\n\n\n\n<p>\u200b<\/p>\n\n\n","protected":false},"excerpt":{"rendered":"<p>Markus BucherPr\u00e4sident Christoph R\u00f6\u00f6sliVize Pr\u00e4sident Adrian RychnerAktuar Franco R\u00f6\u00f6sliKassier Adrian<span class=\"more-button\"><a href=\"https:\/\/www.edelweisstrychler.ch\/?page_id=26\" class=\"more-link\">Continue reading<span class=\"screen-reader-text\">Mitglieder<\/span><\/a><\/span><\/p>\n","protected":false},"author":1,"featured_media":0,"parent":0,"menu_order":3,"comment_status":"closed","ping_status":"closed","template":"templates\/full-width-page.php","meta":{"ngg_post_thumbnail":0,"footnotes":""},"class_list":["post-26","page","type-page","status-publish","hentry"],"_links":{"self":[{"href":"https:\/\/www.edelweisstrychler.ch\/index.php?rest_route=\/wp\/v2\/pages\/26","targetHints":{"allow":["GET"]}}],"collection":[{"href":"https:\/\/www.edelweisstrychler.ch\/index.php?rest_route=\/wp\/v2\/pages"}],"about":[{"href":"https:\/\/www.edelweisstrychler.ch\/index.php?rest_route=\/wp\/v2\/types\/page"}],"author":[{"embeddable":true,"href":"https:\/\/www.edelweisstrychler.ch\/index.php?rest_route=\/wp\/v2\/users\/1"}],"replies":[{"embeddable":true,"href":"https:\/\/www.edelweisstrychler.ch\/index.php?rest_route=%2Fwp%2Fv2%2Fcomments&post=26"}],"version-history":[{"count":137,"href":"https:\/\/www.edelweisstrychler.ch\/index.php?rest_route=\/wp\/v2\/pages\/26\/revisions"}],"predecessor-version":[{"id":3525,"href":"https:\/\/www.edelweisstrychler.ch\/index.php?rest_route=\/wp\/v2\/pages\/26\/revisions\/3525"}],"wp:attachment":[{"href":"https:\/\/www.edelweisstrychler.ch\/index.php?rest_route=%2Fwp%2Fv2%2Fmedia&parent=26"}],"curies":[{"name":"wp","href":"https:\/\/api.w.org\/{rel}","templated":true}]}}